34 - 103. Suppose 4*z = -s + 331. Calculate the highest common divisor of z and 825.
75
Let c be 88/3 - 6/(-9). Suppose 0 = x - 5 + 26. Let s be (x/14)/((-3)/6). What is the highest common factor of c and s?
3
Let u(d) = 48*d**2 - 2*d + 4. Let f be u(3). Let a = -6 + f. Calculate the highest common factor of 53 and a.
53
Suppose 3*i - 406 = -4*x, 13*i = 8*i - 3*x + 695. Calculate the greatest common factor of i and 11360.
142
Let p be (2/6)/((-2)/6). Let z be 2 - ((-15)/9 - p/(-3)). Suppose 5*b = -z*o + 205, -4*b + 3*o + 197 = 64. Calculate the greatest common divisor of 37 and b.
37
Let j = -6 - -9. Let p(t) = 31*t**2 + 16*t - 34 + 10*t**2 - 4*t + t**3 + 27*t. Let o be p(-40). Calculate the highest common factor of o and j.
3
Let h(a) = a**2 - 33*a + 32. Let z be h(35). Suppose 10*y = 118 + z. What is the highest common factor of y and 88?
22
Let p = -8 - -16. Let a be 5 - (-4)/p*(0 - -4). Calculate the greatest common divisor of a and 203.
7
Suppose -495 = 90*a - 93*a. Let v = 2294 - 2239. Calculate the greatest common factor of a and v.
55
Suppose 9*f - 29*q + 31*q - 294 = 0, -204 = -4*f + 4*q. Let o be (29/(-2))/(2/(-4)). Let w be o - 2 - 0/1. What is the highest common divisor of w and f?
9
Suppose -17*h - 72619 + 387385 = 41*h. Calculate the highest common factor of h and 67.
67
Let a = 77 - -92. Let j = a + -154. Calculate the greatest common factor of 5 and j.
5
Let h be 10*2/4 - (3 - 6). Let y be -2 + (-2 + 4)*h. Suppose -2*n + y*n = 360. Calculate the greatest common factor of n and 75.
15
Let z(r) = -15*r**2 - 7*r - 8. Let b be z(-5). Let k = b - -401. Calculate the highest common factor of 477 and k.
53
Let k = 18096 + -16136. What is the greatest common divisor of 160 and k?
40
Let v = 9673 - 9481. What is the greatest common divisor of 696 and v?
24
Let l(k) = 2*k**3 + 3*k**2 - 3*k + 13. Let t be l(0). What is the highest common factor of t and 20488?
13
Let q = 2109 + -2079. What is the highest common factor of q and 666?
6
Suppose 19*u - 14*u = -2*b + 214, -436 = -5*b + 4*u. What is the greatest common factor of b and 4324?
92
Let v be 2 - ((-4 - 2) + 6). Let p(i) = 6*i**3 - 2*i**2 + 2. Let b be p(-2). Let n = -26 - b. What is the greatest common divisor of v and n?
2
Let p be (5 + 80/(-6))/(2/(-66)). Suppose 212*i - p = 207*i. Calculate the highest common divisor of i and 5.
5
Suppose 0 = -89*i + 65*i + 1104. Suppose -3*v + 80 = 2*m, 0*v = -2*m + v + 96. What is the greatest common factor of m and i?
46
Let s be (66/(-9))/(2/(-3)). Suppose l + i = s, -3*l + 8 = i - 19. Let x be ((-78)/(-5))/(l/20). What is the highest common factor of x and 52?
13
Suppose -3*x = 5*c - 12, 16 = -0*c + c + 4*x. Suppose c*o + 405 = 15*o. What is the highest common factor of 6 and o?
3
Let j(a) = 3*a**3 + 2*a**2 - 22*a + 1. Let d be j(-5). Let b = d + 486. Calculate the highest common factor of 17 and b.
17
Let j = -473 - -713. Calculate the greatest common factor of 816 and j.
48
Suppose -2540421 = -247*k - 822536. Calculate the highest common divisor of k and 20.
5
Suppose 151*k - 8120 = 137*k. What is the greatest common factor of 100 and k?
20
Let m(b) = 5*b**2 + 4 + 5*b - 12*b**3 - 7*b**3 + 20*b**3. Let h be m(-5). Let y = 6 - h. Calculate the highest common divisor of 9 and y.
9
Let q(c) = 258*c + 292. Let k be q(3). Calculate the highest common factor of k and 246.
82
Let a be ((-1672)/55)/((-2)/10). Let g(p) = 2*p + 16. Let q be g(4). Suppose z + q = u + 5, -2*z = 3*u - 57. Calculate the greatest common divisor of a and u.
19
Let t be (14053/(-69) - -29)/((-2)/3). Calculate the greatest common factor of t and 18.
2
Let j be (3 + (-16)/6)/(2/36). Suppose 3*v = -j, s - 3*v = -3 + 7. Let k be -4 + (s + 0 - -36). What is the highest common factor of 45 and k?
15
Let q(o) = 10*o**2 - 633*o**3 + 15 - 28*o - 57 + 634*o**3. Let s be q(-12). Calculate the greatest common divisor of 294 and s.
6
Let k = 172 - 117. Suppose 3*r - 120 = -2*n, k = -4*r + 5*n + 215. Suppose 0 = -3*v - 19 + 109. Calculate the highest common divisor of r and v.
10
Let t(w) = 0*w + w + 0 + 9 - 1. Let s be t(0). Suppose 0 = 2*q + 9285 - 9293. Calculate the greatest common divisor of q and s.
4
Let b(z) = -14*z + 181. Let c be b(9). Calculate the highest common divisor of c and 1089.
11
Let x be 1 - (-1 + -437)/2. Let j be (1 - 1)/(-1 + 0 - 1). Suppose -2*p + 5*f + 20 = j, 15*f = -p + 11*f + 36. What is the highest common factor of x and p?
20
Suppose -13*o = -2060 - 5714. Suppose -6*j + 8*j = o. Calculate the greatest common divisor of j and 23.
23
Let h be (-33)/55*5/(-3). Let y be 2 + -1 - (h - -79 - 2). Let q = 114 + y. Calculate the greatest common divisor of 407 and q.
37
Let i = 36460 - 36376. What is the greatest common factor of 7224 and i?
84
Let b(r) = 43 + r**2 + 41 + 45 + 13*r + 141 + 44. Let f be b(-30). What is the highest common factor of f and 103?
103
Let z = 14 - 8. Suppose 0 = -6*o + 12, 101*f - 102*f = -o - 184. What is the highest common divisor of z and f?
6
Let b(m) = -170*m + 1254. Let f be b(-22). What is the highest common divisor of 44 and f?
22
Suppose -88*j - 26*j = -2394. What is the highest common divisor of j and 1029?
21
Let s be (81/(-2))/(-9)*(50 - -8). Calculate the highest common factor of s and 9.
9
Suppose -10*l - 176 = 154. Let w be 82 - 3/(-4 - l/6). What is the highest common divisor of 100 and w?
20
Let v be 2/9 - -1*698/18. Suppose 38*z = v*z + 2. Let f be 5/(3 - z)*(17 - -1). Calculate the greatest common divisor of f and 36.
18
Let l = 657 + -613. Suppose 2*a - l = -2*s - 0*a, 0 = s + 5*a - 38. Calculate the greatest common divisor of s and 135.
9
Let u = 86 - 83. Suppose -u*t - 2 = -41. Let w = -13 + 26. Calculate the greatest common factor of t and w.
13
Let f be 6 - (150/18 - (-5)/(-15) - 3). Suppose -4 = 3*p + 32. Let z = -6 - p. What is the greatest common factor of z and f?
1
Let v = -168 - -170. Suppose 0 = -v*t + 6*u - 3*u + 78, t - 5*u - 46 = 0. What is the highest common factor of t and 396?
36
Let g(z) = 0*z**2 - 501 + 61*z - z**2 + 415. Let o be g(27). Calculate the greatest common factor of 13 and o.
13
Let g be 1/((-221)/(-55) - 4). Suppose -x + 5*l + g = -0*x, -2*x = -4*l - 92. Let o = 120 + -80. What is the greatest common divisor of x and o?
40
Let u(i) = 72*i + 1384. Let a be u(-19). Calculate the greatest common divisor of 404 and a.
4
Let r(z) = z**3 + 9*z**2 + 9*z + 5. Let s be r(-7). Let p be (115/(-92) + 119/(-28) + 3)*-18*1. What is the highest common factor of s and p?
5
Let k = -377 - -865. Let z = k + -425. Calculate the highest common factor of 189 and z.
63
Suppose 8*l = 16*l - q - 9076, l - 4*q = 1150. What is the highest common divisor of 243 and l?
81
Suppose 4*m - 3*o = 76, -67 = -5*m - o + 9. Suppose m*k + 272 = 33*k. Calculate the highest common divisor of k and 168.
8
Suppose -26*a + 83*a - 2324 = -26*a. Calculate the highest common factor of a and 14532.
28
Let p(k) = -41*k**3 + 3*k**2 + 2*k - 4. Let n be p(3). Let w = -1808 - n. Let d be 340/(-55) + 6 + w/(-22). Calculate the highest common divisor of d and 22.
11
Suppose -2*g = r - 0*r - 2, 0 = 3*r - 4*g - 6. Let h = r - -15. Suppose -5*j - 46*x = -47*x - 759, -30 = -5*x. What is the highest common factor of h and j?
17
Suppose 71*y - 1610 = 76*y. Let d = y + 426. What is the highest common factor of 16 and d?
8
Let k be 0 + 1 + (7 - 2). Suppose -608 + 176 = -k*n. Suppose 0 = -17*t + 8*t + 144. Calculate the greatest common factor of n and t.
8
Let j(w) = w + 3. Let p(b) = b**2 - 2*b + 5. Let k be p(0). Let y be j(k). What is the highest common divisor of y and 376?
8
Suppose -4*m = 4*g - 88, g - 4*m + 8 = m. Suppose y + 241 = 3*s - g, 3*y - 172 = -2*s. Let k = s - -1. Calculate the greatest common divisor of k and 29.
29
Suppose 129993 - 65743 = 121*b - 70181. Calculate the highest common divisor of b and 44.
11
Let n(o) = -o**2 - 4*o + 5. Let b be n(-7). Let c = 28 + b. Suppose -111*a = -107*a - 80. What is the greatest common factor of c and a?
4
Let l = 40 + -14. Suppose -68*g - 14 = -3*u - 64*g, 4*g = -4*u. Calculate the greatest common divisor of u and l.
2
Suppose 0 = g + i + 1, -2*g = 2*i + 2*i - 8. Let z be (-12600)/(-192) + g/(-16). Calculate the highest common factor of 22 and z.
22
Suppose -5*s - 213 = 4*b, 2*s = 5*b + 177 +